emainder when (-1 + -1)/((-1)/t - 0) is divided by 20?
16
Suppose -11*a - 6*a = -5899. Calculate the remainder when a is divided by 197.
150
Suppose -31*r = -35*r + 12. Suppose q - 128 = -r*q. What is the remainder when 127 is divided by q?
31
What is the remainder when (-10)/210*9 + 21777/49 is divided by 189?
66
Let l(r) = r**3 + 5*r**2 + 4*r + 2. Let b be l(-4). What is the remainder when 2718/42 - (-6)/21 is divided by 335/10 - ((-5)/b)/(-5)?
32
Let g(c) = c**2 + 14*c + 19. Suppose -3*l - 5*x = -253, l - 5*l + 349 = -5*x. What is the remainder when l is divided by g(-15)?
18
Let x = 628 + -373. Calculate the remainder when 541 is divided by x.
31
Let k(x) = -x**3 + 6*x**2 + 6. Let q be k(6). Let z(y) = -y**2 + 7*y - 1. Let j = 421 - 389. Calculate the remainder when j is divided by z(q).
2
Suppose p = -127 + 23. Let h = p - -47. Let r = -36 - h. What is the remainder when 32 is divided by r?
11
Suppose 3*u = 2*n + 15 - 43, -36 = -2*n - u. Suppose 19*y - 316 = n*y. Calculate the remainder when y is divided by 40.
38
Suppose c + 1 = 32. Suppose 3*j = v - 29, -1398*v + 1400*v + j = 9. What is the remainder when c is divided by v?
7
Let f = 126 - 116. What is the remainder when 8*(-3)/(-60) - (-436)/f is divided by 17?
10
Suppose -5*t = u - 2*u - 180, -4*u = 3*t - 131. Suppose -158 = 3*v - 239. What is the remainder when t is divided by v?
10
Suppose -371 = 3*l - n, 5*n - 269 = -49*l + 51*l. Let w = 147 + l. What is the remainder when 196 is divided by w?
21
Suppose 32 = 3*k - 2*t, -2*t + 40 = 3*k + 12. What is the remainder when 187 is divided by 98 - 30/25*k/4?
92
Suppose 0 = 4*r - 4*g - 56, -4*r + 76 = r - 2*g. Suppose 20 - 2 = 9*y. Suppose -3*o = -k + 4*k - 183, y*o = -4. Calculate the remainder when k is divided by r.
15
Let t(c) = -2*c + 65. Let w(h) = -h**2 - 11*h - 16. Let d be w(-5). What is the remainder when 85 is divided by t(d)?
11
Let w = -333 + 479. Let a = -44 + w. Let u(v) = -v**2 - 200*v - 4933. Calculate the remainder when a is divided by u(-171).
24
Suppose r - 683 = 188. Calculate the remainder when r is divided by 9.
7
Suppose 626 = -3*j + 3*b + 713, j - 50 = -2*b. Calculate the remainder when j is divided by ((-12)/(-7))/((-2)/(-28)).
12
Calculate the remainder when (-11175)/(-24) + (-21)/(-56) is divided by 90.
16
Suppose 5*n + 594 = 3*w + 2*n, 2*w - 4*n = 404. Let q = w + -114. Suppose 0 = -8*x + 4*x + q. What is the remainder when 56 is divided by x?
16
Suppose -2*v + 2 + 0 = 0, 3*z - 16 = -4*v. Suppose z*s = -4*d + 256, 5*s = d - 110 + 442. What is the remainder when s is divided by 26?
14
Let c = 432 - 358. Suppose -45 = -177*l + 174*l. Calculate the remainder when c is divided by l.
14
Let r = 4692 - 4567. What is the remainder when r is divided by 34?
23
Let k(t) = t**3 - 34*t**2 + 7*t - 192. Calculate the remainder when k(35) is divided by 317.
10
Suppose -184 = -2*y - 2*r, 4*r + 1 - 21 = 0. Calculate the remainder when 253 is divided by y.
79
Let p = 561 + -554. What is the remainder when 52/(-156) - 68/(-6) is divided by p?
4
Let b = 153 + -158. Calculate the remainder when 50 is divided by 5 + 22/2 + b.
6
Let z = 20 - 139. What is the remainder when (-316)/7*-2 - (-34)/z is divided by 24?
18
Let j(l) = -205*l - 1401. What is the remainder when j(-15) is divided by 43?
40
Let t = -14068 + 14071. Let w = 0 + 0. Suppose t*x + 3*g - 76 - 11 = 0, w = -g - 2. What is the remainder when x is divided by 3?
1
Suppose -950084 + 951824 = 30*g. Let d(s) = 87*s**2 + 2*s. Calculate the remainder when d(-2) is divided by g.
54
Suppose -42*p = -37*p - 1045. Let i = p + -195. Calculate the remainder when 41 is divided by i.
13
Suppose 212*u - 214126 + 56168 - 184210 = 0. Calculate the remainder when u is divided by 3.
0
Let o be (-9)/(-18)*(-4 - -2). What is the remainder when 83 is divided by 3 + -2 - (-4 + o + 0)?
5
Let i be -382*(-184)/(-144) - 2/(-18). Let a = 530 + i. Calculate the remainder when 207 is divided by a.
39
Let b(g) = 3*g + 20*g - 4*g**2 + 8*g**2 - 5*g**2 + 43. Calculate the remainder when 262 is divided by b(21).
7
What is the remainder when 1758 is divided by (7 - -4)*((-1 - -3) + -4)*-2?
42
Suppose 2*z = -2*z + 12, -5*k - 5*z + 20 = 0. Let r be k/(15/(-6)) - (-133)/(-5). Calculate the remainder when ((-3)/r)/((-2)/(-6))*54 is divided by 4.
2
Suppose 11*z + 0 = 22. Calculate the remainder when 56 is divided by z.
0
Let h(n) = -978*n - 7771. Calculate the remainder when h(-10) is divided by 53.
48
Let d = -13955 + 14409. Calculate the remainder when d is divided by 124.
82
Suppose -3*i + 2*q - 60 = -7, 4*i + 71 = 3*q. Let l = 23 + i. Suppose 464 = l*c - 220. Calculate the remainder when c is divided by 23.
22
Suppose -63*l + 203*l - 5918 = 12562. What is the remainder when 521 is divided by l?
125
Let c(y) = y**3 - 4*y**2 - 8*y - 13. Let b be c(6). Let f(l) = -9*l + 51 - b*l - 79 - l**2. What is the remainder when 13 is divided by f(-18)?
5
Let p be 20*(-2)/(-2) - (-5 - -6). Suppose 21*c = p*c + 12. Suppose -c*b + 0 = -84. What is the remainder when 83 is divided by b?
13
Suppose -5*h + h = -4, 2546 = 2*d + 2*h. Calculate the remainder when d is divided by 268.
200
Let v(l) = -277*l + 1. Let z(h) = -h + 1. Let a(m) = v(m) + z(m). Let c be a(-2). Suppose 0 = 22*w - 13*w - c. Calculate the remainder when w is divided by 16.
14
Let w = -359 - -532. Suppose 219 = -2*u + 4*r + 327, -147 = -3*u + 3*r. Calculate the remainder when w is divided by u.
41
Let i(r) = 642*r + 201. Calculate the remainder when i(58) is divided by 30.
27
Calculate the remainder when ((-4)/6)/(188/(-102084)) is divided by 101.
59
Calculate the remainder when 78/(16/((-768)/(-36))) is divided by 28.
20
Let n = 322 + -184. Suppose -i + 61 = 3*r, 12 = -5*r + r. Calculate the remainder when n is divided by i.
68
Let j = -3581 - -3621. Let c(v) = -121*v - 49. What is the remainder when c(-7) is divided by j?
38
Suppose -94*a + 43350 = 76*a. Calculate the remainder when a is divided by (-9)/(-2)*(-22)/(-3).
24
Let h = -11540 - -11703. What is the remainder when 637 is divided by h?
148
Suppose -4*j = -5*j + 12*j - 2013. Calculate the remainder when j is divided by 67.
49
Suppose 3*j - 220 = -2*j. What is the remainder when j is divided by 1 + 15 + 6470/647?
18
Let t(h) = 12*h - 31. Let p be t(9). Suppose 5*q + 6*q = p. What is the remainder when 12 is divided by q?
5
Let r(j) = 4*j**3 + 3*j**2 - j. Let k be r(1). Suppose k*p = -270 + 1548. Calculate the remainder when p is divided by 43.
41
Let p be 59888/72 - (-4)/18. Suppose 19*x - p = -7*x. Calculate the remainder when x is divided by 26.
6
Suppose 5*z - 3611 = -q, 4*z - z + 17915 = 5*q. Suppose f = 23*f - q. Calculate the remainder when f is divided by 17.
10
Suppose -i - i + 436 = 7*q, 2*q = 3*i + 121. Suppose 4*p - 585 = -105. Suppose 5*o + 5*w = p, 2*o = -o - 5*w + q. What is the remainder when o is divided by 12?
5
Let n = 1574 - 1397. Calculate the remainder when n is divided by 18.
15
Let m = 6 + 14. Let r(q) = q**2 + 18*q - 55. Let g be r(3). Suppose 6*i - g*i = -m. Calculate the remainder when 17 is divided by i.
7
Suppose -2*s + 24 = u, -3*s + 58 = 2*u + 11. What is the remainder when 1295 is divided by u?
19
Suppose -41*i + 2809 = 12*i. Suppose -i*u + 940 = -33*u. Calculate the remainder when 158 is divided by u.
17
Let c(w) = 3*w**2 + 19*w - 11. Let t be c(-7). Suppose -5*p = t*y - 274, -10*y + 8*y = -p + 47. What is the remainder when p is divided by 24?
5
Suppose 0 = 3*b + k - 56 - 830, 3*k - 1482 = -5*b. Calculate the remainder when b is divided by 10.
4
Let l = 50641 + -50618. What is the remainder when (-1)/(1 + 264/(-262)) is divided by l?
16
Let f(h) = 21*h**2 - 20*h**2 + 16 + 0*h - h + 8*h. Calculate the remainder when (2/(-3))/((-9)/1485) is divided by f(0).
14
Suppose -4*n - 4*q = -64, 5*q = 17 - 2. Calculate the remainder when (-8170)/(-170) + 35/(-595) is divided by n.
9
Let m(s) = -441*s + 1858. Calculate the remainder when 236 is divided by m(4).
48
Let p = 375 + -355. What is the remainder when 10558 is divided by p?
18
Suppose -11*d + 683 + 593 = 0. What is the remainder when d is divided by ((-4)/12)/((-2)/120)?
16
What is the remainder when (2 + 21)*(11 + -10 + 1) is divided by 3?
1
Suppose 3*c + 412 = 7*c. Let u = -56 + c. Suppose 3*h - 91 = u. Calculate th